s of 12716983?
12716983
What are the prime factors of 3643810201?
3643810201
List the prime factors of 81701797.
83, 984359
List the prime factors of 301793856.
2, 3, 7, 13, 23, 751
List the prime factors of 4858155634.
2, 23, 105612079
What are the prime factors of 2002633815?
3, 5, 7, 13, 1467131
List the prime factors of 136821067.
136821067
What are the prime factors of 1232402028?
2, 3, 11, 13, 718183
What are the prime factors of 1156602937?
7, 165228991
List the prime factors of 56425718.
2, 43, 656113
What are the prime factors of 1650928?
2, 103183
What are the prime factors of 103447765?
5, 61, 339173
List the prime factors of 34601814.
2, 3, 13, 29, 5099
List the prime factors of 373012802.
2, 197, 946733
What are the prime factors of 58690522?
2, 11, 79, 33769
What are the prime factors of 50435920?
2, 5, 601, 1049
List the prime factors of 3388571647.
3388571647
What are the prime factors of 3347167333?
587, 5702159
What are the prime factors of 901437556?
2, 179, 461, 2731
What are the prime factors of 708908573?
41, 829, 20857
What are the prime factors of 435252361?
19, 4007, 5717
List the prime factors of 343248319.
19, 1123, 16087
List the prime factors of 3198574671.
3, 7537, 141461
List the prime factors of 88281375.
3, 5, 7, 13, 199
List the prime factors of 71872979.
71872979
What are the prime factors of 117178758?
2, 3, 439, 4943
List the prime factors of 30766016.
2, 19, 25301
List the prime factors of 12776791.
29, 440579
What are the prime factors of 1767606803?
19, 229, 406253
List the prime factors of 53360917.
337, 158341
List the prime factors of 68450900.
2, 5, 7, 97787
What are the prime factors of 3043864883?
739, 4118897
List the prime factors of 729541558.
2, 547, 666857
List the prime factors of 210367534.
2, 13, 8091059
What are the prime factors of 646278756?
2, 3, 2287, 23549
List the prime factors of 77202963.
3, 139, 6857
List the prime factors of 1180759197.
3, 1231, 319729
What are the prime factors of 270346494?
2, 3, 11, 37, 149, 743
What are the prime factors of 1365314558?
2, 682657279
What are the prime factors of 1471365339?
3, 19, 3559, 7253
What are the prime factors of 1969427406?
2, 3, 19, 17275679
What are the prime factors of 22277622?
2, 3, 1279, 2903
List the prime factors of 71660190.
2, 3, 5, 7, 103, 3313
List the prime factors of 2144561036.
2, 21911, 24469
List the prime factors of 196122101.
7, 53, 528631
What are the prime factors of 498490753?
23, 21673511
List the prime factors of 160007366.
2, 17, 23, 204613
What are the prime factors of 41955661?
11, 269, 1289
List the prime factors of 83864536.
2, 7, 17, 88093
List the prime factors of 104108578.
2, 7, 17, 61, 71, 101
What are the prime factors of 2311827480?
2, 3, 5, 31, 23017
List the prime factors of 49638526.
2, 7, 19, 181, 1031
What are the prime factors of 870569010?
2, 3, 5, 2741, 3529
List the prime factors of 191029650.
2, 3, 5, 7, 43, 4231
List the prime factors of 1095907269.
3, 365302423
What are the prime factors of 55480834?
2, 37, 749741
What are the prime factors of 40923786?
2, 3, 101, 67531
List the prime factors of 42937141.
13, 3302857
What are the prime factors of 29375337?
3, 17, 575987
What are the prime factors of 3466825401?
3, 13, 257, 345887
List the prime factors of 228899935.
5, 11, 19, 19913
List the prime factors of 7640420485.
5, 23, 66438439
List the prime factors of 92313962.
2, 13, 3550537
List the prime factors of 458241284.
2, 114560321
What are the prime factors of 5554611021?
3, 23, 941, 85549
What are the prime factors of 59101511?
7, 8443073
What are the prime factors of 30002434?
2, 7, 11, 89, 199
What are the prime factors of 169788071?
61, 2783411
What are the prime factors of 943537465?
5, 13, 983, 14767
What are the prime factors of 6438713?
181, 35573
List the prime factors of 29898010.
2, 5, 167, 17903
What are the prime factors of 841713435?
3, 5, 17, 1100279
What are the prime factors of 2273976994?
2, 1136988497
List the prime factors of 4397562.
2, 3, 13, 18793
List the prime factors of 732247161.
3, 244082387
What are the prime factors of 75996150?
2, 3, 5, 37, 13693
List the prime factors of 3096969.
3, 59, 17497
List the prime factors of 4457272920.
2, 3, 5, 3821, 9721
What are the prime factors of 169606309?
823, 206083
What are the prime factors of 167726117?
13, 1579, 8171
List the prime factors of 33949634.
2, 16974817
List the prime factors of 12095541.
3, 447983
What are the prime factors of 184269228?
2, 3, 11, 13, 73, 1471
What are the prime factors of 302529689?
7, 11, 263, 14939
List the prime factors of 13601083.
1283, 10601
List the prime factors of 62405260.
2, 5, 79, 127, 311
What are the prime factors of 4347645551?
1031, 1063, 3967
List the prime factors of 3976404934.
2, 191, 10409437
List the prime factors of 858900078.
2, 3, 17, 935621
List the prime factors of 223852442.
2, 11, 37, 275003
List the prime factors of 3861760.
2, 5, 7, 431
List the prime factors of 737498355.
3, 5, 11, 193, 23159
List the prime factors of 462144326.
2, 7, 47, 702347
List the prime factors of 147618563.
277, 532919
What are the prime factors of 67182071?
11, 6107461
What are the prime factors of 918736780?
2, 5, 13, 17, 12227
What are the prime factors of 1412111461?
3167, 445883
List the prime factors of 1500390.
2, 3, 5, 5557
List the prime factors of 228929990.
2, 5, 17, 1346647
List the prime factors of 611648606.
2, 643, 475621
List the prime factors of 207024750.
2, 3, 5, 101, 911
List the prime factors of 598921622.
2, 13, 1543, 14929
What are the prime factors of 115812032?
2, 7, 31, 269
List the prime factors of 6677943722.
2, 3338971861
What are the prime factors of 744542192?
2, 46533887
List the prime factors of 580788974.
2, 29, 2153, 4651
List the prime factors of 179372233.
179372233
List the prime factors of 438714916.
2, 109678729
List the prime factors of 59299303.
7, 311, 27239
What are the prime factors of 2459323789?
13, 199, 950647
List the prime factors of 2860960591.
2860960591
List the prime factors of 127863258.
2, 3, 739, 28837
What are the prime factors of 413588496?
2, 3, 1039, 8293
What are the prime factors of 1780445770?
2, 5, 12541, 14197
What are the prime factors of 5712493?
17, 336029
What are the prime factors of 437186268?
2, 3, 61, 66361
What are the prime factors of 1424241209?
199, 7156991
What are the prime factors of 1175579294?
2, 1481, 396887
List the prime factors of 782081823.
3, 260693941
List the prime factors of 688388.
2, 172097
List the prime factors of 11465909.
7, 13, 163, 773
List the prime factors of 1238107506.
2, 3, 127, 1624813
List the prime factors of 7474471387.
73, 1402603
List the prime factors of 432286302.
2, 3, 7, 17, 605443
List the prime factors of 135853662.
2, 3, 7, 3234611
What are the prime factors of 942973507?
7, 71, 821, 2311
What are the prime factors of 153242190?
2, 3, 5, 107, 15913
List the prime factors of 3096438.
2, 3, 59, 8747
List the prime factors of 97062039.
3, 10784671
List the prime factors of 1980897622.
2, 11, 1069, 84229
List the prime factors of 1338153051.
3, 317, 1407101
What are the prime factors of 25173532?
2, 17, 370199
List the prime factors of 497292297.
3, 31, 59, 90631
What are the prime factors of 4962198646?
2, 17, 4229, 34511
List the prime factors of 16600591.
7, 109, 21757
What are the prime factors of 4749704657?
53, 1307, 68567
What are the prime factors of 927128257?
11, 7662217
List the prime factors of 67766867.
7, 2711, 3571
List the prime factors of 4644032387.
4644032387
What are the prime factors of 1372239754?
2, 23, 1297013
What are the prime factors of 55214961?
3, 18404987
What are the prime factors of 211651610?
2, 5, 103, 205487
What are the prime factors of 1663640850?
2, 3, 5, 53, 209263
What are the prime factors of 392525168?
2, 7, 3504689
What are the prime factors of 30293093?
23, 1317091
What are the prime factors of 117991002?
2, 3, 37, 457, 1163
What are the prime factors of 144380508?
2, 3, 1723, 6983
What are the prime factors of 140567120?
2, 5, 1757089
List the prime factors of 2755050782.
2, 11, 131, 955951
List the prime factors of 502780242.
2, 3, 19, 4410353
What are the prime factors of 288442607?
288442607
What are the prime fac